 factor of w and 1?
1
Let x = -7259 - -8857. What is the highest common factor of 188 and x?
94
Let x = 158 - 88. Suppose -2*w + 355 = 3*p, 2*w = w - 1. Let b = p + -105. Calculate the highest common factor of x and b.
14
Let x be 663/5 + 81/(-135). Let j be (-66 - 0)/(-5 + 21/6). Calculate the greatest common divisor of j and x.
44
Let u be (4416/115)/((-1)/(7 - 2)). Let q = 279 + u. What is the greatest common factor of q and 3?
3
Suppose -338*v + 22389 = 227*v - 16031. Calculate the greatest common factor of v and 17068.
68
Suppose -3*k + 39 = 3*a, -109*a = -110*a + 2*k + 22. Let z = 806 - 550. What is the highest common divisor of z and a?
16
Let n be (34/(-2) + 25)*(-2 + (-27)/(-12)). Let y(l) = -l**3 - 8*l**2 - 13*l - 12. Let a be y(-8). What is the highest common factor of a and n?
2
Suppose -17*t = -18*t - 152. Let v = t - -161. Suppose -3*z = -5*z + 2*l + 8, 0 = l - 5. Calculate the greatest common divisor of z and v.
9
Let p be (147/(-105))/((-1)/5). Suppose 2*w - 118 = 120. What is the greatest common factor of p and w?
7
Let z be (-1 - 6/(-4))*-18. Let h = z + 9. Suppose 11 = c + 2*r, -c + 5*r - 17 = -h*c. Calculate the highest common divisor of c and 1.
1
Let i(d) = -5*d**3 - 8*d**2 - 6*d - 6. Let v be i(-4). What is the greatest common divisor of v and 16800?
210
Let x be 965 - (-1 - 3) - 0. Let u = x + -958. Suppose 4*v = -4*p + 5*p + 1015, 4*v + 5*p = 997. Calculate the greatest common divisor of v and u.
11
Suppose -3*x - d - 14 = -5*d, -x - 18 = -4*d. Let n be 1/(x/6) - (-3 - 9). Let w = 1 - -4. Calculate the highest common divisor of n and w.
5
Let q(b) = 6*b + 48. Let v be q(-9). Let u = 81 - -9. Let f = u + v. What is the greatest common divisor of 63 and f?
21
Let u = -7362 - -14034. What is the highest common divisor of u and 48?
48
Let g = -1984 + 2082. What is the greatest common factor of g and 119?
7
Let q be 1/(-3) + (-788)/(-18) + (-40)/90. Let a = 43 - -86. What is the highest common divisor of q and a?
43
Let m = 1537 - 1471. Calculate the greatest common factor of m and 2970.
66
Let j(l) be the third derivative of -l**4/2 + 46*l**3/3 + 41*l**2. Let t be j(6). Calculate the greatest common factor of t and 40.
20
Suppose 5*b + 5*s = 3310, b + 22*s = 17*s + 646. Calculate the highest common factor of b and 962.
74
Suppose 0 = -3*r - r + 208. Let t = 5039 - 5035. Calculate the greatest common factor of t and r.
4
Let t = 5795 + -2510. Calculate the greatest common factor of 45 and t.
45
Let t(r) = r**3 + 5*r**2 + 6*r + 4. Let a be t(-4). Let m(j) = -65*j - 41. Let z be m(a). Calculate the highest common divisor of z and 146.
73
Let u(r) = -151*r - 9411. Let d be u(-64). What is the greatest common factor of 33 and d?
11
Suppose -5*z - 14 = 5*m - 9*m, 4*z - m + 20 = 0. Let t be (1/(25/(-80)))/(z/15). What is the highest common divisor of t and 16?
8
Suppose 20*y - 1071 = -y. Let n = 105 - y. Calculate the highest common divisor of 297 and n.
27
Suppose -9*j = 392 + 301. Let d = j - -105. Suppose -31 = -4*p + 5*s, 3*p + 1 = 4*p + s. What is the highest common factor of d and p?
4
Suppose -8*h + 2550 = -25*h. Let r = h + 260. What is the highest common divisor of r and 165?
55
Let v = 2220 + -2201. What is the highest common divisor of 969 and v?
19
Let n(k) be the first derivative of k**3/3 - 8*k**2 - 16*k - 44. Let a be n(17). Calculate the greatest common factor of a and 42.
1
Let w = 194 + -202. Let k(x) = 3*x**2 + 6*x - 8. Let t be k(w). Calculate the greatest common factor of t and 170.
34
Let a = -21 + 30. Suppose 2*b + 21 = a*b. Suppose -3*q + 24 = 2*q + 2*l, -q = b*l - 10. What is the greatest common divisor of 64 and q?
4
Let l be (-5 - 51/(-9)) + (-193)/(-3). Let x = l + -51. Suppose -169 + 1 = -x*j. Calculate the highest common factor of 16 and j.
4
Let y = 147 - -177. Let i = y + -58. Let f(x) = 3*x**2 - 3*x + 2. Let n be f(-3). Calculate the greatest common factor of n and i.
38
Suppose -1959194 = -67*n - 82*n - 404826. Calculate the highest common divisor of n and 163.
163
Let a = 344 + -128. Let i be (-234)/24 - -10 - 1/4. Let c be 24/(-12) + 27 + 2 + i. What is the highest common divisor of c and a?
27
Let c be 32/3*3/(-6)*-6. Let m = c - 42. Let b be (-2 + m)/(4 - (-57)/(-12)). Calculate the greatest common divisor of 80 and b.
16
Let t be (-2)/(4 + (-66)/15). Suppose -25 = -t*z + 15. Let d = 42 - 30. Calculate the greatest common divisor of d and z.
4
Suppose 5*k = 2*h - 0*h + 262, -2*h = 2*k - 116. Suppose 6*d = -6 + 30. What is the greatest common factor of d and k?
2
Suppose -12394 = -61*w - 8856. What is the highest common divisor of w and 1943?
29
Let c be ((-54)/21)/((-357)/1666). What is the greatest common divisor of c and 918?
6
Let p(d) = -d**3 + 45*d**2 + 365*d + 11. Let h be p(-7). Suppose 2*n - 3*m = -2*m + 16, -2*n + 16 = m. Calculate the highest common divisor of n and h.
4
Let u(n) = 33*n - 14. Let k be u(6). Let v be ((-106)/(-8) - 13) + 1/(8/318). Calculate the greatest common factor of v and k.
8
Let g = 2 - 3. Let o be (6/(-15))/(g/5). Let x be (16/(-10))/(-2*o/20). What is the highest common factor of x and 6?
2
Suppose -223*o + 227*o = 64. What is the highest common factor of o and 20656?
16
Suppose -207*w + 292217 + 145677 = -206911. Calculate the highest common divisor of 35 and w.
35
Let l be (406721/42 - 9) + 12/72. What is the greatest common divisor of l and 43?
43
Suppose 30*d + 177411 = 107*d + 44278. What is the highest common divisor of d and 1197?
133
Let o be (28/10)/(1/(-40)). Let l = o + 189. Suppose 0 = 268*g - 736 - 1140. Calculate the highest common divisor of l and g.
7
Let o(f) = 3*f**3. Let p be o(1). Let i = 571 - 266. Let h = i + -281. What is the highest common factor of h and p?
3
Suppose 0 = -3*v - 13 - 1298. Let p be v/(-133) - 4/14. Suppose 4*b = 3*k + p*b - 85, 5*k - 2*b = 143. Calculate the greatest common factor of k and 18.
9
Suppose -39 - 201 = 26*n - 50*n. What is the highest common factor of n and 1795?
5
Let w(q) = -5*q + 24. Let a(h) = -h**2 + 9*h - 6. Let m be a(6). Let n be w(m). Let t be 82/8 + n/(-48). What is the highest common factor of 1 and t?
1
Suppose -10*s = -678 - 1802. Calculate the greatest common divisor of s and 6.
2
Suppose -4*h + 4*j + 16 = 0, -3*h = -2*h + 4*j - 9. Suppose -26*g + 252 = -h*g. Calculate the highest common divisor of 432 and g.
12
Let z = -164 - -187. Let j = 1 + -4. Let n = z + j. Calculate the highest common factor of 160 and n.
20
Let b(p) = -18*p + 618. Let i be b(27). What is the highest common divisor of i and 1980?
132
Let o be ((-14)/4)/(126/(-756)). Suppose -5*j = -j - 336. Calculate the highest common factor of j and o.
21
Let l = 1142 + -762. Let n(f) = -14*f**2 + 125*f + 29. Let d be n(9). Calculate the greatest common divisor of l and d.
20
Let c = 3535 + -3059. Calculate the highest common factor of c and 84.
28
Suppose 5*d = -2*l - 0*d + 19, -1 = -d. Let z(b) = -5*b + 20. Let o be z(-9). Let f = o - 58. What is the greatest common divisor of f and l?
7
Suppose 0 = -83*f + 82*f + 4. Suppose y = 2*t + t + 11, f*y - 79 = 5*t. What is the greatest common divisor of 2 and y?
2
Let x = -4843 - -5287. What is the highest common factor of x and 1554?
222
Let h = 92241 - 91229. Suppose 3*u - 125 = 7. What is the greatest common divisor of u and h?
44
Let u = -105 - -113. Let j be (-9 + 2)*(230/35 - u). What is the greatest common factor of j and 10?
10
Let h = -179 - -181. Let y be (-3)/h*(-520)/3. Let s be 2*1*(2 - -8). Calculate the greatest common divisor of y and s.
20
Let l(x) = -3*x - 37. Let r be l(-13). Suppose -v - 196 + 35 = -3*m, -r*m + 4*v = -94. Let t = 75 - m. Calculate the greatest common divisor of 140 and t.
20
Let a(z) = -89*z + 5815. Let k be a(65). Let f be (-1 + -4)/(1/1). Let m(c) = 14*c**2 + 5*c + 5. Let l be m(f). Calculate the greatest common factor of l and k.
30
Suppose 3*f - 3 = 0, -h - 3*f = -0 - 3. Suppose 7 + 3 = 5*q. Suppose q*p + 4*i - 24 = h, 0 = i + 4*i - 20. What is the greatest common factor of p and 32?
4
Let y be (-51)/3 + 1265/11. Calculate the highest common factor of y and 12446.
98
Let s be ((-50)/(-35))/((-2)/(-56)). Calculate the highest common factor of s and 1970.
10
Let q be (840/(-18))/((-2)/6). Let s(y) = 3*y + 13. Let f be s(7). Suppose 35*b - f*b =